{"id":1181,"date":"2022-06-02T09:47:17","date_gmt":"2022-06-02T07:47:17","guid":{"rendered":"http:\/\/preprodsite.issoire-photo.fr\/?page_id=1181"},"modified":"2022-06-02T09:53:28","modified_gmt":"2022-06-02T07:53:28","slug":"photo-identite","status":"publish","type":"page","link":"https:\/\/www.issoire-photo.fr\/index.php\/photo-identite\/","title":{"rendered":"Photo d&rsquo;identit\u00e9"},"content":{"rendered":"\t\t<div data-elementor-type=\"wp-page\" data-elementor-id=\"1181\" class=\"elementor elementor-1181\">\n\t\t\t\t\t\t\t\t\t<section class=\"elementor-section elementor-top-section elementor-element elementor-element-90b35c5 elementor-section-boxed elementor-section-height-default elementor-section-height-default\" data-id=\"90b35c5\" data-element_type=\"section\">\n\t\t\t\t\t\t<div class=\"elementor-container elementor-column-gap-default\">\n\t\t\t\t\t<div class=\"elementor-column elementor-col-100 elementor-top-column elementor-element elementor-element-209ba6b\" data-id=\"209ba6b\" data-element_type=\"column\">\n\t\t\t<div class=\"elementor-widget-wrap elementor-element-populated\">\n\t\t\t\t\t\t\t\t<div class=\"elementor-element elementor-element-87d5086 elementor-widget elementor-widget-heading\" data-id=\"87d5086\" data-element_type=\"widget\" data-widget_type=\"heading.default\">\n\t\t\t\t<div class=\"elementor-widget-container\">\n\t\t\t<style>\/*! elementor - v3.6.6 - 08-06-2022 *\/\n.elementor-heading-title{padding:0;margin:0;line-height:1}.elementor-widget-heading .elementor-heading-title[class*=elementor-size-]>a{color:inherit;font-size:inherit;line-height:inherit}.elementor-widget-heading .elementor-heading-title.elementor-size-small{font-size:15px}.elementor-widget-heading .elementor-heading-title.elementor-size-medium{font-size:19px}.elementor-widget-heading .elementor-heading-title.elementor-size-large{font-size:29px}.elementor-widget-heading .elementor-heading-title.elementor-size-xl{font-size:39px}.elementor-widget-heading .elementor-heading-title.elementor-size-xxl{font-size:59px}<\/style><h2 class=\"elementor-heading-title elementor-size-default\">Photo d'identit\u00e9<\/h2>\t\t<\/div>\n\t\t\t\t<\/div>\n\t\t\t\t\t<\/div>\n\t\t<\/div>\n\t\t\t\t\t\t\t<\/div>\n\t\t<\/section>\n\t\t\t\t<section class=\"elementor-section elementor-top-section elementor-element elementor-element-037e932 elementor-section-boxed elementor-section-height-default elementor-section-height-default\" data-id=\"037e932\" data-element_type=\"section\">\n\t\t\t\t\t\t<div class=\"elementor-container elementor-column-gap-default\">\n\t\t\t\t\t<div class=\"elementor-column elementor-col-100 elementor-top-column elementor-element elementor-element-ad6da40\" data-id=\"ad6da40\" data-element_type=\"column\">\n\t\t\t<div class=\"elementor-widget-wrap elementor-element-populated\">\n\t\t\t\t\t\t\t\t<div class=\"elementor-element elementor-element-2810ab2 elementor-widget elementor-widget-heading\" data-id=\"2810ab2\" data-element_type=\"widget\" data-widget_type=\"heading.default\">\n\t\t\t\t<div class=\"elementor-widget-container\">\n\t\t\t<h3 class=\"elementor-heading-title elementor-size-default\">Photo d'identit\u00e9 pour permis de conduire aux normes ANTS, carte nationale, carte vital, photo pour visa et carte de s\u00e9jour<\/h3>\t\t<\/div>\n\t\t\t\t<\/div>\n\t\t\t\t\t<\/div>\n\t\t<\/div>\n\t\t\t\t\t\t\t<\/div>\n\t\t<\/section>\n\t\t\t\t<section class=\"elementor-section elementor-top-section elementor-element elementor-element-fdb318b elementor-section-boxed elementor-section-height-default elementor-section-height-default\" data-id=\"fdb318b\" data-element_type=\"section\">\n\t\t\t\t\t\t<div class=\"elementor-container elementor-column-gap-default\">\n\t\t\t\t\t<div class=\"elementor-column elementor-col-100 elementor-top-column elementor-element elementor-element-d06a0c4\" data-id=\"d06a0c4\" data-element_type=\"column\">\n\t\t\t<div class=\"elementor-widget-wrap elementor-element-populated\">\n\t\t\t\t\t\t\t\t<div class=\"elementor-element elementor-element-c718a96 elementor-widget elementor-widget-text-editor\" data-id=\"c718a96\" data-element_type=\"widget\" data-widget_type=\"text-editor.default\">\n\t\t\t\t<div class=\"elementor-widget-container\">\n\t\t\t<style>\/*! elementor - v3.6.6 - 08-06-2022 *\/\n.elementor-widget-text-editor.elementor-drop-cap-view-stacked .elementor-drop-cap{background-color:#818a91;color:#fff}.elementor-widget-text-editor.elementor-drop-cap-view-framed .elementor-drop-cap{color:#818a91;border:3px solid;background-color:transparent}.elementor-widget-text-editor:not(.elementor-drop-cap-view-default) .elementor-drop-cap{margin-top:8px}.elementor-widget-text-editor:not(.elementor-drop-cap-view-default) .elementor-drop-cap-letter{width:1em;height:1em}.elementor-widget-text-editor .elementor-drop-cap{float:left;text-align:center;line-height:1;font-size:50px}.elementor-widget-text-editor .elementor-drop-cap-letter{display:inline-block}<\/style>\t\t\t\t<p><br \/>Venez obtenir sans rendez vous vos photos pour carte d&rsquo;identit\u00e9 national, permis de conduire au normes ANTS avec votre signature, mais aussi pour carte vital, carte de s\u00e9jour, visa pour tout pays.\u00a0Possibilit\u00e9 de venir \u00e0 votre domicile, en maison de retraite ou en hopital pour faciliter vos d\u00e9marches.<\/p>\t\t\t\t\t\t<\/div>\n\t\t\t\t<\/div>\n\t\t\t\t\t<\/div>\n\t\t<\/div>\n\t\t\t\t\t\t\t<\/div>\n\t\t<\/section>\n\t\t\t\t<section class=\"elementor-section elementor-top-section elementor-element elementor-element-8b7af36 elementor-section-boxed elementor-section-height-default elementor-section-height-default\" data-id=\"8b7af36\" data-element_type=\"section\">\n\t\t\t\t\t\t<div class=\"elementor-container elementor-column-gap-default\">\n\t\t\t\t\t<div class=\"elementor-column elementor-col-100 elementor-top-column elementor-element elementor-element-fb7c22c\" data-id=\"fb7c22c\" data-element_type=\"column\">\n\t\t\t<div class=\"elementor-widget-wrap elementor-element-populated\">\n\t\t\t\t\t\t\t\t<div class=\"elementor-element elementor-element-9032a68 elementor-widget elementor-widget-image\" data-id=\"9032a68\" data-element_type=\"widget\" data-widget_type=\"image.default\">\n\t\t\t\t<div class=\"elementor-widget-container\">\n\t\t\t<style>\/*! elementor - v3.6.6 - 08-06-2022 *\/\n.elementor-widget-image{text-align:center}.elementor-widget-image a{display:inline-block}.elementor-widget-image a img[src$=\".svg\"]{width:48px}.elementor-widget-image img{vertical-align:middle;display:inline-block}<\/style>\t\t\t\t\t\t\t\t\t\t\t\t<img loading=\"lazy\" decoding=\"async\" width=\"600\" height=\"234\" src=\"https:\/\/www.issoire-photo.fr\/wp-content\/uploads\/2022\/06\/0290026001557997867.jpg\" class=\"attachment-large size-large\" alt=\"\" srcset=\"https:\/\/www.issoire-photo.fr\/wp-content\/uploads\/2022\/06\/0290026001557997867.jpg 600w, https:\/\/www.issoire-photo.fr\/wp-content\/uploads\/2022\/06\/0290026001557997867-300x117.jpg 300w\" sizes=\"auto, (max-width: 600px) 100vw, 600px\" \/>\t\t\t\t\t\t\t\t\t\t\t\t\t\t\t<\/div>\n\t\t\t\t<\/div>\n\t\t\t\t\t<\/div>\n\t\t<\/div>\n\t\t\t\t\t\t\t<\/div>\n\t\t<\/section>\n\t\t\t\t\t\t\t<\/div>\n\t\t","protected":false},"excerpt":{"rendered":"<p>Photo d&rsquo;identit\u00e9 Photo d&rsquo;identit\u00e9 pour permis de conduire aux normes ANTS, carte nationale, carte vital, photo pour visa et carte de s\u00e9jour Venez obtenir sans rendez vous vos photos pour carte d&rsquo;identit\u00e9 national, permis de conduire au normes ANTS avec votre signature, mais aussi pour carte vital, carte de s\u00e9jour, visa pour tout pays.\u00a0Possibilit\u00e9 de &hellip;<\/p>\n<p class=\"read-more\"> <a class=\"\" href=\"https:\/\/www.issoire-photo.fr\/index.php\/photo-identite\/\"> <span class=\"screen-reader-text\">Photo d&rsquo;identit\u00e9<\/span> Lire la suite\u00a0\u00bb<\/a><\/p>\n","protected":false},"author":1,"featured_media":0,"parent":0,"menu_order":0,"comment_status":"closed","ping_status":"closed","template":"","meta":{"site-sidebar-layout":"no-sidebar","site-content-layout":"page-builder","ast-global-header-display":"","ast-main-header-display":"","ast-hfb-above-header-display":"","ast-hfb-below-header-display":"","ast-hfb-mobile-header-display":"","site-post-title":"disabled","ast-breadcrumbs-content":"","ast-featured-img":"disabled","footer-sml-layout":"","theme-transparent-header-meta":"","adv-header-id-meta":"","stick-header-meta":"","header-above-stick-meta":"","header-main-stick-meta":"","header-below-stick-meta":"","footnotes":""},"class_list":["post-1181","page","type-page","status-publish","hentry"],"yoast_head":"<!-- This site is optimized with the Yoast SEO plugin v19.1 - https:\/\/yoast.com\/wordpress\/plugins\/seo\/ -->\n<title>Photo d&#039;identit\u00e9 - Studio Imag&#039;<\/title>\n<meta name=\"robots\" content=\"index, follow, max-snippet:-1, max-image-preview:large, max-video-preview:-1\" \/>\n<link rel=\"canonical\" href=\"https:\/\/www.issoire-photo.fr\/index.php\/photo-identite\/\" \/>\n<meta property=\"og:locale\" content=\"fr_FR\" \/>\n<meta property=\"og:type\" content=\"article\" \/>\n<meta property=\"og:title\" content=\"Photo d&#039;identit\u00e9 - Studio Imag&#039;\" \/>\n<meta property=\"og:description\" content=\"Photo d&rsquo;identit\u00e9 Photo d&rsquo;identit\u00e9 pour permis de conduire aux normes ANTS, carte nationale, carte vital, photo pour visa et carte de s\u00e9jour Venez obtenir sans rendez vous vos photos pour carte d&rsquo;identit\u00e9 national, permis de conduire au normes ANTS avec votre signature, mais aussi pour carte vital, carte de s\u00e9jour, visa pour tout pays.\u00a0Possibilit\u00e9 de &hellip; Photo d&rsquo;identit\u00e9 Lire la suite\u00a0\u00bb\" \/>\n<meta property=\"og:url\" content=\"https:\/\/www.issoire-photo.fr\/index.php\/photo-identite\/\" \/>\n<meta property=\"og:site_name\" content=\"Studio Imag&#039;\" \/>\n<meta property=\"article:modified_time\" content=\"2022-06-02T07:53:28+00:00\" \/>\n<meta property=\"og:image\" content=\"http:\/\/preprodsite.issoire-photo.fr\/wp-content\/uploads\/2022\/06\/0290026001557997867.jpg\" \/>\n<meta name=\"twitter:card\" content=\"summary_large_image\" \/>\n<script type=\"application\/ld+json\" class=\"yoast-schema-graph\">{\"@context\":\"https:\/\/schema.org\",\"@graph\":[{\"@type\":\"WebSite\",\"@id\":\"https:\/\/www.issoire-photo.fr\/#website\",\"url\":\"https:\/\/www.issoire-photo.fr\/\",\"name\":\"Studio Imag&#039;\",\"description\":\"Photographe professionnel &amp; portraitiste | Issoire\",\"potentialAction\":[{\"@type\":\"SearchAction\",\"target\":{\"@type\":\"EntryPoint\",\"urlTemplate\":\"https:\/\/www.issoire-photo.fr\/?s={search_term_string}\"},\"query-input\":\"required name=search_term_string\"}],\"inLanguage\":\"fr-FR\"},{\"@type\":\"ImageObject\",\"inLanguage\":\"fr-FR\",\"@id\":\"https:\/\/www.issoire-photo.fr\/index.php\/photo-identite\/#primaryimage\",\"url\":\"http:\/\/preprodsite.issoire-photo.fr\/wp-content\/uploads\/2022\/06\/0290026001557997867.jpg\",\"contentUrl\":\"http:\/\/preprodsite.issoire-photo.fr\/wp-content\/uploads\/2022\/06\/0290026001557997867.jpg\"},{\"@type\":\"WebPage\",\"@id\":\"https:\/\/www.issoire-photo.fr\/index.php\/photo-identite\/#webpage\",\"url\":\"https:\/\/www.issoire-photo.fr\/index.php\/photo-identite\/\",\"name\":\"Photo d'identit\u00e9 - Studio Imag&#039;\",\"isPartOf\":{\"@id\":\"https:\/\/www.issoire-photo.fr\/#website\"},\"primaryImageOfPage\":{\"@id\":\"https:\/\/www.issoire-photo.fr\/index.php\/photo-identite\/#primaryimage\"},\"datePublished\":\"2022-06-02T07:47:17+00:00\",\"dateModified\":\"2022-06-02T07:53:28+00:00\",\"breadcrumb\":{\"@id\":\"https:\/\/www.issoire-photo.fr\/index.php\/photo-identite\/#breadcrumb\"},\"inLanguage\":\"fr-FR\",\"potentialAction\":[{\"@type\":\"ReadAction\",\"target\":[\"https:\/\/www.issoire-photo.fr\/index.php\/photo-identite\/\"]}]},{\"@type\":\"BreadcrumbList\",\"@id\":\"https:\/\/www.issoire-photo.fr\/index.php\/photo-identite\/#breadcrumb\",\"itemListElement\":[{\"@type\":\"ListItem\",\"position\":1,\"name\":\"Accueil\",\"item\":\"https:\/\/www.issoire-photo.fr\/\"},{\"@type\":\"ListItem\",\"position\":2,\"name\":\"Photo d&rsquo;identit\u00e9\"}]}]}<\/script>\n<!-- \/ Yoast SEO plugin. -->","yoast_head_json":{"title":"Photo d'identit\u00e9 - Studio Imag&#039;","robots":{"index":"index","follow":"follow","max-snippet":"max-snippet:-1","max-image-preview":"max-image-preview:large","max-video-preview":"max-video-preview:-1"},"canonical":"https:\/\/www.issoire-photo.fr\/index.php\/photo-identite\/","og_locale":"fr_FR","og_type":"article","og_title":"Photo d'identit\u00e9 - Studio Imag&#039;","og_description":"Photo d&rsquo;identit\u00e9 Photo d&rsquo;identit\u00e9 pour permis de conduire aux normes ANTS, carte nationale, carte vital, photo pour visa et carte de s\u00e9jour Venez obtenir sans rendez vous vos photos pour carte d&rsquo;identit\u00e9 national, permis de conduire au normes ANTS avec votre signature, mais aussi pour carte vital, carte de s\u00e9jour, visa pour tout pays.\u00a0Possibilit\u00e9 de &hellip; Photo d&rsquo;identit\u00e9 Lire la suite\u00a0\u00bb","og_url":"https:\/\/www.issoire-photo.fr\/index.php\/photo-identite\/","og_site_name":"Studio Imag&#039;","article_modified_time":"2022-06-02T07:53:28+00:00","og_image":[{"url":"http:\/\/preprodsite.issoire-photo.fr\/wp-content\/uploads\/2022\/06\/0290026001557997867.jpg"}],"twitter_card":"summary_large_image","schema":{"@context":"https:\/\/schema.org","@graph":[{"@type":"WebSite","@id":"https:\/\/www.issoire-photo.fr\/#website","url":"https:\/\/www.issoire-photo.fr\/","name":"Studio Imag&#039;","description":"Photographe professionnel &amp; portraitiste | Issoire","potentialAction":[{"@type":"SearchAction","target":{"@type":"EntryPoint","urlTemplate":"https:\/\/www.issoire-photo.fr\/?s={search_term_string}"},"query-input":"required name=search_term_string"}],"inLanguage":"fr-FR"},{"@type":"ImageObject","inLanguage":"fr-FR","@id":"https:\/\/www.issoire-photo.fr\/index.php\/photo-identite\/#primaryimage","url":"http:\/\/preprodsite.issoire-photo.fr\/wp-content\/uploads\/2022\/06\/0290026001557997867.jpg","contentUrl":"http:\/\/preprodsite.issoire-photo.fr\/wp-content\/uploads\/2022\/06\/0290026001557997867.jpg"},{"@type":"WebPage","@id":"https:\/\/www.issoire-photo.fr\/index.php\/photo-identite\/#webpage","url":"https:\/\/www.issoire-photo.fr\/index.php\/photo-identite\/","name":"Photo d'identit\u00e9 - Studio Imag&#039;","isPartOf":{"@id":"https:\/\/www.issoire-photo.fr\/#website"},"primaryImageOfPage":{"@id":"https:\/\/www.issoire-photo.fr\/index.php\/photo-identite\/#primaryimage"},"datePublished":"2022-06-02T07:47:17+00:00","dateModified":"2022-06-02T07:53:28+00:00","breadcrumb":{"@id":"https:\/\/www.issoire-photo.fr\/index.php\/photo-identite\/#breadcrumb"},"inLanguage":"fr-FR","potentialAction":[{"@type":"ReadAction","target":["https:\/\/www.issoire-photo.fr\/index.php\/photo-identite\/"]}]},{"@type":"BreadcrumbList","@id":"https:\/\/www.issoire-photo.fr\/index.php\/photo-identite\/#breadcrumb","itemListElement":[{"@type":"ListItem","position":1,"name":"Accueil","item":"https:\/\/www.issoire-photo.fr\/"},{"@type":"ListItem","position":2,"name":"Photo d&rsquo;identit\u00e9"}]}]}},"_links":{"self":[{"href":"https:\/\/www.issoire-photo.fr\/index.php\/wp-json\/wp\/v2\/pages\/1181","targetHints":{"allow":["GET"]}}],"collection":[{"href":"https:\/\/www.issoire-photo.fr\/index.php\/wp-json\/wp\/v2\/pages"}],"about":[{"href":"https:\/\/www.issoire-photo.fr\/index.php\/wp-json\/wp\/v2\/types\/page"}],"author":[{"embeddable":true,"href":"https:\/\/www.issoire-photo.fr\/index.php\/wp-json\/wp\/v2\/users\/1"}],"replies":[{"embeddable":true,"href":"https:\/\/www.issoire-photo.fr\/index.php\/wp-json\/wp\/v2\/comments?post=1181"}],"version-history":[{"count":7,"href":"https:\/\/www.issoire-photo.fr\/index.php\/wp-json\/wp\/v2\/pages\/1181\/revisions"}],"predecessor-version":[{"id":1194,"href":"https:\/\/www.issoire-photo.fr\/index.php\/wp-json\/wp\/v2\/pages\/1181\/revisions\/1194"}],"wp:attachment":[{"href":"https:\/\/www.issoire-photo.fr\/index.php\/wp-json\/wp\/v2\/media?parent=1181"}],"curies":[{"name":"wp","href":"https:\/\/api.w.org\/{rel}","templated":true}]}}